t is w(h)?
1
Let f(m) = 16*m - 13. Let z(p) = -47*p + 46. Let r(a) = 7*f(a) + 2*z(a). Calculate r(-2).
-35
Let q(x) = -x**3 + 3*x**2 + 2*x. Let v be -6 + 6 - (-18)/6. What is q(v)?
6
Let i(z) = 11*z**2 + 17*z + 150. Let g(s) = 4*s**2 + 6*s + 53. Let y(q) = 17*g(q) - 6*i(q). What is y(2)?
9
Let j(a) = 2 + a**3 + 46*a**2 - 48*a**2 - 4*a**2. Give j(5).
-23
Let q(p) = 4*p**2 + 23*p - 65. Let f be q(-8). Let r(d) = -4*d + 5. Calculate r(f).
-23
Let b(g) = -25*g + 324. Let f be b(12). Let x(h) = -4*h + 92. Calculate x(f).
-4
Let f(t) = t. Suppose 7*v - 9 = 4*v. Suppose 0 = -4*u - z + 5, 4*u - 4*z = v*u - 3. Give f(u).
1
Let d(g) be the first derivative of g**5/20 - g**4/8 + g**3/3 + 9. Let y(j) be the third derivative of d(j). Determine y(2).
9
Suppose -5*h = 4*h - 45. Suppose j - 6 + 0 = 0. Let o(q) = -1 + 4*q**2 + 3*q**2 - 7*q - j*q**2. Give o(h).
-11
Let v(x) = 18*x**3 + x**2 - 1. Suppose 9 = 29*f - 20. Determine v(f).
18
Let x be 4 + (-3)/(-6)*4. Let q be 6/4*(-4)/x. Let g be 2/(-2) - (q + 2). Let i(o) = -o**3 + 2*o. Calculate i(g).
4
Let b(l) = -48*l + 178*l - 43*l - 41*l - 15 - 45*l. What is b(10)?
-5
Let t(z) be the second derivative of z**4/12 - z**3/6 - 9*z**2 + z. Suppose -14*w - 47 = -47. Determine t(w).
-18
Let v(w) = -w**2 - 3*w - 6. Suppose -2*a + 7 = -3*o - 0*a, 0 = -o + 3*a. Let r be v(o). Let n(t) = -t**2 - 4*t + 3. Give n(r).
-9
Let f(z) = z**3 + z**2 - z - 5. Suppose -3*q = -79 + 31. Suppose -5*t + 4 + q = 0. Suppose t*b - b = 0. Calculate f(b).
-5
Let w(v) = v**3 - 6*v**2 - 3*v + 12. Suppose -5*q - 22 = -2*k - 0*q, 0 = -k - 4*q - 2. Calculate w(k).
-6
Suppose -62 = 3*o - 4*y, 5*o + 2*y + y + 55 = 0. Let u = o + 11. Let p(b) = -2*b - 1. Determine p(u).
5
Let j = -5 + 12. Let g(m) = 7*m**3 - 19*m**2 - m - 6. Let n(h) = 20*h**3 - 55*h**2 - 3*h - 17. Let z(f) = -17*g(f) + 6*n(f). Calculate z(j).
-7
Let r(i) = 2*i**2 - 3*i**2 + 2*i**3 - 8*i**3 + 7*i**3 + 0*i**3. Let c(u) = u**3 - 12*u**2 + 10*u + 10. Let d be c(11). What is r(d)?
-2
Let x(o) be the third derivative of -7/24*o**4 + 1/12*o**5 + 1/120*o**6 + 0*o - 1/2*o**3 + 20*o**2 + 0. Determine x(-6).
3
Suppose -3*w = -18 + 12. Let o(d) = -1 + 4 - w - 3*d - 10. Determine o(-6).
9
Suppose -5*y - 3*g + 8 - 7 = 0, -4*y = -2*g - 14. Let z(f) = f**3 - 4*f**2 + f + 1. What is z(y)?
-5
Let m = 7 + -3. Suppose -o + 2 = 2*w - 2, -2*o + m*w = 8. Suppose o = -4*y - 6 - 2. Let j(x) = x**3 + 2*x**2 - 2. Determine j(y).
-2
Let r(g) = g**2 - 6*g + 5. Suppose s = -2*v + 14, 0*s - 3*v = -4*s + 1. Suppose s*i = 5*i - 4. Give r(i).
-3
Suppose -2*d - 5*c + 7 - 17 = 0, 2*c + 8 = 0. Let v = -1 - -3. Let x(l) = -3*l**2 + 0*l**2 + v*l - 7*l + 5 + 4*l**2. Calculate x(d).
5
Let m(c) be the third derivative of -c**6/120 + c**5/20 - c**4/24 + c**3/6 - 684*c**2. Suppose -2*l + 1 = -5. What is m(l)?
-2
Let o(b) = 0*b - 30*b**2 - b**3 - 6 - 6*b + 25*b**2 + 13*b**2. Determine o(7).
1
Suppose -9*j = 76 - 112. Let k(y) = -6*y + 2 + 3*y + 2*y. Calculate k(j).
-2
Let i(t) = -t + 4*t - t**2 + 0 - 1. Let a(j) = -3 + j**2 - 7 + 6 + 2*j. Let r be a(2). What is i(r)?
-5
Let o = 1 - 1. Let p be (19/(-133))/((-2)/14). Let z(v) = -4 + v**2 + 10 + 3 - p. Calculate z(o).
8
Let t(m) = m - 2*m + 3*m. Suppose -4*n + 2*i + 16 = 0, 0*n - 2*i + 8 = 4*n. Let l be 10/(-3*(-4)/n + -2). What is t(l)?
10
Let m be 8/(-68) + (-6)/(-51). Let n(p) = -p + 8. Let k(w) = -2*w + 16. Let x(s) = -2*k(s) + 5*n(s). Give x(m).
8
Let o(u) = u**3 + 14*u**2 + 15*u + 11. Let j be 0 - 0 - (4 + 9 - 0). Give o(j).
-15
Let p(m) = 6*m + 47. Let u be p(-9). Let b(h) = h**3 + 7*h**2 + h + 4. What is b(u)?
-3
Let b(w) = -w**3 + w**2 - w + 2. Let r(p) = 5*p**3 - 7*p**2 + 11*p - 16. Let s(i) = -6*b(i) - r(i). Give s(2).
6
Suppose 3*a = b - 2*b - 18, 3*b = 3*a + 6. Let s(u) = u**3 + 7*u**2 + 4*u + 1. Give s(a).
31
Let k = 87 - 83. Let i(a) be the first derivative of 0*a**2 - 1/3*a**3 + k + 0*a. Determine i(-1).
-1
Let m(i) = -i**3 + 6*i**2 - i + 5. Let q be m(6). Let t be -1 + 3 - (0 + q). Let l(j) = -7 + j**2 - j**t - 8*j**2 - 5*j - 2*j. Give l(-6).
-1
Let n(u) = 1 + 95*u - 35*u - 31*u - 28*u + 1. Suppose -1 = -j - 3. Give n(j).
0
Let s(n) be the first derivative of 11*n**2/2 + 17*n - 192. Calculate s(-2).
-5
Let m(j) be the first derivative of -j**2/2 - 8. Let i be m(-2). Let u(v) = 4 - 5 - v + i*v. Give u(-6).
-7
Let z be -3*(-3 + (-1 - -3)). Suppose -2*t - 4*g + 10 = 0, -5*g - z = 5*t - 2*g. Let x(f) = 3 + 0*f + 3*f - 2*f - 1. What is x(t)?
-1
Let g(a) = a - 35652 + 35652 + 7*a. Determine g(4).
32
Let i(m) = m + 4. Let g be i(0). Let d = 2 - g. Let j(l) = -l**2 + 5*l - 3. Let y(f) = 2*f**2 - 11*f + 7. Let r(p) = 9*j(p) + 4*y(p). Determine r(d).
-5
Let l(b) = b**3 + 4*b**2 - 7*b - 5. Let t(s) = -2*s**2 - 13*s + 9. Let h be t(-6). Suppose -h = -5*i, 3*d - 3*i = -d + 7. Suppose d*j + 25 = -j. What is l(j)?
5
Let l(r) = -8*r + 1. Let n(s) = -s**3 - 8*s**2 + 7*s - 15. Let z be n(-9). Let a be (3 - 1 - z)/(-2 + 1). What is l(a)?
-7
Let j(a) = 19 + 2*a - 7 + a**2 - 12. Let k be j(-3). Let f(r) = 2 - r - 2 + 2. What is f(k)?
-1
Let p(x) = -11*x + 7. Let z(i) = i. Let o(t) = -p(t) - 6*z(t). Let r(u) = 6*u + 3*u - 6 - u - 4*u. Let w(f) = 3*o(f) - 4*r(f). Give w(0).
3
Let m = -7 - -1. Let s(t) = -2*t - 16. Let q be s(m). Let f(b) = -3*b + 2. Give f(q).
14
Let f(g) = -100 + g + 190 - 16*g**2 - 91. Give f(1).
-16
Let g(o) = -4*o**2 - 3*o + 3. Let b = -286 - -287. Give g(b).
-4
Suppose g - 14 = -9. Let r(t) = -7*t**3 - 8*t**2 + 4*t + 5. Let l(m) = -6*m**3 - 7*m**2 + 3*m + 4. Let p(v) = g*r(v) - 6*l(v). Let k = -7 + 6. What is p(k)?
0
Suppose -3*h - c = 3*c + 4, -4*h - 3*c = 3. Let r(p) = -p**2 - p - 3. Let s(v) = v**2 + v + 2. Let k(a) = 6*r(a) + 7*s(a). Give k(h).
-4
Let n(q) be the first derivative of -q**3/3 + 9*q**2/2 + 25*q - 68. Calculate n(11).
3
Suppose -3*m + 2*m + 2 = 0. Let q(b) = 32580*b - b**2 + 32571*b - 2 - 65148*b. Calculate q(m).
0
Let z = -5 - 2. Let t(x) be the first derivative of -x**3/3 - 3*x**2 - 824. Give t(z).
-7
Let z(y) = -y**2 + 6*y - 6. Let o = -17 - -22. Let r be z(o). Let c(k) = -7*k**3 - 1. What is c(r)?
6
Let m(h) = -3*h + 1010 + 2*h - 1009. Let q be 11/4 - 1/(-4). Determine m(q).
-2
Let y(b) = -b - 1. Let f = -10 - -2. Give y(f).
7
Suppose -z = -29 + 20. Let w(d) = -d + z - 19 + 13 + 14. Determine w(7).
10
Let b(t) = -150*t + 35 - 15 + 151*t + t**2. Give b(0).
20
Let w(b) = -6*b + 1. Suppose -4*x + a + 22 = -9, x - 5 = 3*a. Let o = 12 - x. Suppose 0*k - 4 = -o*k. Give w(k).
-5
Let p(b) = b**2 + 10*b. Let m be p(-10). Let r(w) = -2*w**3 + 15*w + 35. Let j(u) = -u**3 + 7*u + 17. Let s(q) = -13*j(q) + 6*r(q). Calculate s(m).
-11
Let u(g) = -4*g**2 + 8*g - 14*g + 5*g**2. Let r = 38 - 33. Determine u(r).
-5
Suppose 2*y + 8 = 53*r - 51*r, 0 = -2*y - 5*r + 13. Let x(i) = 30*i. Calculate x(y).
-30
Let j(r) = r**2 + 5*r + 1. Let b be j(-6). Suppose -6*n - 17 = 13. Let m(u) = -2*u + 15. Let p(y) = -3*y + 23. Let q(d) = n*p(d) + 8*m(d). Calculate q(b).
-2
Let b be (-3*1/9)/((-2)/6). Let f(i) = 0 - b + 8 - 6 - 4*i. Give f(1).
-3
Suppose -29*g + 576 = -93*g. Let o(k) = -2*k**2 - 18*k - 5. Calculate o(g).
-5
Let i(s) be the third derivative of s**6/120 - 2*s**5/5 + 11*s**4/6 + s**3/2 + 5*s**2. Let y be i(22). Let n(f) = f**3 - 3*f**2 - 3*f + 1. Determine n(y).
-8
Let t(v) = 2 - 3*v + v + v. Let k = -13458 - -13467. Give t(k).
-7
Let a(i) = i**2 - 3*i + 4. Let b be 30/9 + (-4)/(-6). Let w = 389 + -387. Let h be -1*((-4)/b - w). What is a(h)?
4
Let b(s) = -s - 7. Let u be (-4 + 0)/((-2)/(-3)). Let h = 1 + u. What is b(h)?
-2
Let y(l) = 3*l**2 - l - 1. Let d(b) = -b**3 - 5*b**2 - 4*b + 2. Let z be d(-4). Give y(z).
9
Suppose -6*x = -2*x - 72. Let d = -28 + x. Let p(s) = -s**3 - 10*s**2. Calculate p(d).
0
Let k(v) = 16 + v - 55 + 26 + 16 - 2*v**2 + 6*v**2 + v**3. Let p = -2 - 2. What is k(p)?
-1
Suppose 5*c + 10 = 115. Let y(l) = -3 - 6*l**2 + 6*l - 4 + c - 6 - l**3. What is y(-7)?
15
Let o(x) = x**2 + 3*x - 1. Let y = -1903 - -1895. Determine o(y).
39
Let b = 38 - 35. Let c(z) = 7 - 1 + 3 - z + b. What is c(7)?
5
Let i = 91 - 89. Suppose -3*p = -3*w - 12, -4 = -i*p - 6. Let s(a) = a**3 + 5*a**2 - 3. Calculate s(w).
-3
Let l(v) be the second derivative of v**4/12 + 11*v**3/6 - 9*v**2/2 + 5*v - 1. What is l(-11)?
-9
Let l = -4 + -1. Let b(v) = -6*v - v + 8*v 